{"id":1100,"date":"2025-11-05T13:57:25","date_gmt":"2025-11-05T13:57:25","guid":{"rendered":"https:\/\/www.alfatasarim.net.tr\/jeomed\/?page_id=1100"},"modified":"2025-11-05T14:02:31","modified_gmt":"2025-11-05T14:02:31","slug":"gunes-urunleri","status":"publish","type":"page","link":"https:\/\/www.alfatasarim.net.tr\/jeomed\/urunlerimiz\/gunes-urunleri\/","title":{"rendered":"G\u00fcne\u015f \u00dcr\u00fcnleri"},"content":{"rendered":"\t\t<div data-elementor-type=\"wp-page\" data-elementor-id=\"1100\" class=\"elementor elementor-1100\" data-elementor-post-type=\"page\">\n\t\t\t\t\t\t<section class=\"elementor-section elementor-top-section elementor-element elementor-element-45e182b pbmit-col-stretched-none pbmit-bg-color-over-image elementor-section-boxed elementor-section-height-default elementor-section-height-default\" data-id=\"45e182b\" data-element_type=\"section\">\n\t\t\t\t\t\t<div class=\"elementor-container elementor-column-gap-default\">\n\t\t\t\t\t<div class=\"elementor-column elementor-col-100 elementor-top-column elementor-element elementor-element-5d72b09 pbmit-bg-color-over-image\" data-id=\"5d72b09\" data-element_type=\"column\">\n\t\t\t<div class=\"elementor-widget-wrap elementor-element-populated\">\n\t\t\t\t\t\t<div class=\"elementor-element elementor-element-63fbb2f elementor-grid-4 elementor-grid-tablet-3 elementor-grid-mobile-2 elementor-products-grid elementor-wc-products elementor-show-pagination-border-yes elementor-widget elementor-widget-woocommerce-products\" data-id=\"63fbb2f\" data-element_type=\"widget\" data-widget_type=\"woocommerce-products.default\">\n\t\t\t\t<div class=\"elementor-widget-container\">\n\t\t\t\t\t<div class=\"woocommerce columns-4 \"><div class=\"woocommerce-notices-wrapper\"><\/div><p class=\"woocommerce-result-count\" role=\"alert\" aria-relevant=\"all\" >\n\t5 sonucun t\u00fcm\u00fc g\u00f6steriliyor<\/p>\n<ul class=\"products elementor-grid columns-4\">\n<li class=\"product type-product post-1360 status-publish first instock product_cat-gunes-urunleri has-post-thumbnail shipping-taxable product-type-simple\">\n\t<a href=\"https:\/\/www.alfatasarim.net.tr\/jeomed\/product\/tto-x-gunes-sonrasi-vucut-losyonu-200-ml\/\" class=\"woocommerce-LoopProduct-link woocommerce-loop-product__link\"><img fetchpriority=\"high\" decoding=\"async\" width=\"300\" height=\"300\" src=\"https:\/\/www.alfatasarim.net.tr\/jeomed\/wp-content\/uploads\/2025\/11\/tto-x-gunes-sonrasi-vucut-losyonu-200-ml-kopya-300x300.webp\" class=\"attachment-woocommerce_thumbnail size-woocommerce_thumbnail\" alt=\"TTO-X G\u00fcne\u015f Sonras\u0131 V\u00fccut Losyonu\" srcset=\"https:\/\/www.alfatasarim.net.tr\/jeomed\/wp-content\/uploads\/2025\/11\/tto-x-gunes-sonrasi-vucut-losyonu-200-ml-kopya-300x300.webp 300w, https:\/\/www.alfatasarim.net.tr\/jeomed\/wp-content\/uploads\/2025\/11\/tto-x-gunes-sonrasi-vucut-losyonu-200-ml-kopya-150x150.webp 150w, https:\/\/www.alfatasarim.net.tr\/jeomed\/wp-content\/uploads\/2025\/11\/tto-x-gunes-sonrasi-vucut-losyonu-200-ml-kopya-768x768.webp 768w, https:\/\/www.alfatasarim.net.tr\/jeomed\/wp-content\/uploads\/2025\/11\/tto-x-gunes-sonrasi-vucut-losyonu-200-ml-kopya-500x500.webp 500w, https:\/\/www.alfatasarim.net.tr\/jeomed\/wp-content\/uploads\/2025\/11\/tto-x-gunes-sonrasi-vucut-losyonu-200-ml-kopya-600x600.webp 600w, https:\/\/www.alfatasarim.net.tr\/jeomed\/wp-content\/uploads\/2025\/11\/tto-x-gunes-sonrasi-vucut-losyonu-200-ml-kopya-100x100.webp 100w, https:\/\/www.alfatasarim.net.tr\/jeomed\/wp-content\/uploads\/2025\/11\/tto-x-gunes-sonrasi-vucut-losyonu-200-ml-kopya.webp 900w\" sizes=\"(max-width: 300px) 100vw, 300px\" \/><h2 class=\"woocommerce-loop-product__title\">TTO-X G\u00fcne\u015f Sonras\u0131 V\u00fccut Losyonu<\/h2>\n<\/a><a href=\"https:\/\/www.alfatasarim.net.tr\/jeomed\/product\/tto-x-gunes-sonrasi-vucut-losyonu-200-ml\/\" aria-describedby=\"woocommerce_loop_add_to_cart_link_describedby_1360\" data-quantity=\"1\" class=\"button product_type_simple\" data-product_id=\"1360\" data-product_sku=\"\" aria-label=\"&ldquo;TTO-X G\u00fcne\u015f Sonras\u0131 V\u00fccut Losyonu&rdquo; hakk\u0131nda daha fazla bilgi edinin\" rel=\"nofollow\" data-success_message=\"\">Devam\u0131n\u0131 oku<\/a>\t<span id=\"woocommerce_loop_add_to_cart_link_describedby_1360\" class=\"screen-reader-text\">\n\t\t\t<\/span>\n<\/li>\n<li class=\"product type-product post-1359 status-publish instock product_cat-gunes-urunleri has-post-thumbnail shipping-taxable product-type-simple\">\n\t<a href=\"https:\/\/www.alfatasarim.net.tr\/jeomed\/product\/tto-gunes-koruyucu-stick-20-gr\/\" class=\"woocommerce-LoopProduct-link woocommerce-loop-product__link\"><img decoding=\"async\" width=\"300\" height=\"300\" src=\"https:\/\/www.alfatasarim.net.tr\/jeomed\/wp-content\/uploads\/2025\/11\/tto-gunes-koruyucu-stick-20-gr-kopya-300x300.webp\" class=\"attachment-woocommerce_thumbnail size-woocommerce_thumbnail\" alt=\"TTO Thermal G\u00fcne\u015f Koruyucu Stick\" srcset=\"https:\/\/www.alfatasarim.net.tr\/jeomed\/wp-content\/uploads\/2025\/11\/tto-gunes-koruyucu-stick-20-gr-kopya-300x300.webp 300w, https:\/\/www.alfatasarim.net.tr\/jeomed\/wp-content\/uploads\/2025\/11\/tto-gunes-koruyucu-stick-20-gr-kopya-150x150.webp 150w, https:\/\/www.alfatasarim.net.tr\/jeomed\/wp-content\/uploads\/2025\/11\/tto-gunes-koruyucu-stick-20-gr-kopya-768x768.webp 768w, https:\/\/www.alfatasarim.net.tr\/jeomed\/wp-content\/uploads\/2025\/11\/tto-gunes-koruyucu-stick-20-gr-kopya-500x500.webp 500w, https:\/\/www.alfatasarim.net.tr\/jeomed\/wp-content\/uploads\/2025\/11\/tto-gunes-koruyucu-stick-20-gr-kopya-600x600.webp 600w, https:\/\/www.alfatasarim.net.tr\/jeomed\/wp-content\/uploads\/2025\/11\/tto-gunes-koruyucu-stick-20-gr-kopya-100x100.webp 100w, https:\/\/www.alfatasarim.net.tr\/jeomed\/wp-content\/uploads\/2025\/11\/tto-gunes-koruyucu-stick-20-gr-kopya.webp 900w\" sizes=\"(max-width: 300px) 100vw, 300px\" \/><h2 class=\"woocommerce-loop-product__title\">TTO Thermal G\u00fcne\u015f Koruyucu Stick<\/h2>\n<\/a><a href=\"https:\/\/www.alfatasarim.net.tr\/jeomed\/product\/tto-gunes-koruyucu-stick-20-gr\/\" aria-describedby=\"woocommerce_loop_add_to_cart_link_describedby_1359\" data-quantity=\"1\" class=\"button product_type_simple\" data-product_id=\"1359\" data-product_sku=\"\" aria-label=\"&ldquo;TTO Thermal G\u00fcne\u015f Koruyucu Stick&rdquo; hakk\u0131nda daha fazla bilgi edinin\" rel=\"nofollow\" data-success_message=\"\">Devam\u0131n\u0131 oku<\/a>\t<span id=\"woocommerce_loop_add_to_cart_link_describedby_1359\" class=\"screen-reader-text\">\n\t\t\t<\/span>\n<\/li>\n<li class=\"product type-product post-1358 status-publish instock product_cat-gunes-urunleri has-post-thumbnail shipping-taxable product-type-simple\">\n\t<a href=\"https:\/\/www.alfatasarim.net.tr\/jeomed\/product\/tto-clinic-gunes-losyonu\/\" class=\"woocommerce-LoopProduct-link woocommerce-loop-product__link\"><img decoding=\"async\" width=\"300\" height=\"300\" src=\"https:\/\/www.alfatasarim.net.tr\/jeomed\/wp-content\/uploads\/2025\/11\/tto-clinic-gunes-losyonu-kopya-300x300.webp\" class=\"attachment-woocommerce_thumbnail size-woocommerce_thumbnail\" alt=\"TTO Clinic G\u00fcne\u015f Losyonu\" srcset=\"https:\/\/www.alfatasarim.net.tr\/jeomed\/wp-content\/uploads\/2025\/11\/tto-clinic-gunes-losyonu-kopya-300x300.webp 300w, https:\/\/www.alfatasarim.net.tr\/jeomed\/wp-content\/uploads\/2025\/11\/tto-clinic-gunes-losyonu-kopya-150x150.webp 150w, https:\/\/www.alfatasarim.net.tr\/jeomed\/wp-content\/uploads\/2025\/11\/tto-clinic-gunes-losyonu-kopya-768x768.webp 768w, https:\/\/www.alfatasarim.net.tr\/jeomed\/wp-content\/uploads\/2025\/11\/tto-clinic-gunes-losyonu-kopya-500x500.webp 500w, https:\/\/www.alfatasarim.net.tr\/jeomed\/wp-content\/uploads\/2025\/11\/tto-clinic-gunes-losyonu-kopya-600x600.webp 600w, https:\/\/www.alfatasarim.net.tr\/jeomed\/wp-content\/uploads\/2025\/11\/tto-clinic-gunes-losyonu-kopya-100x100.webp 100w, https:\/\/www.alfatasarim.net.tr\/jeomed\/wp-content\/uploads\/2025\/11\/tto-clinic-gunes-losyonu-kopya.webp 900w\" sizes=\"(max-width: 300px) 100vw, 300px\" \/><h2 class=\"woocommerce-loop-product__title\">TTO Clinic G\u00fcne\u015f Losyonu<\/h2>\n<\/a><a href=\"https:\/\/www.alfatasarim.net.tr\/jeomed\/product\/tto-clinic-gunes-losyonu\/\" aria-describedby=\"woocommerce_loop_add_to_cart_link_describedby_1358\" data-quantity=\"1\" class=\"button product_type_simple\" data-product_id=\"1358\" data-product_sku=\"\" aria-label=\"&ldquo;TTO Clinic G\u00fcne\u015f Losyonu&rdquo; hakk\u0131nda daha fazla bilgi edinin\" rel=\"nofollow\" data-success_message=\"\">Devam\u0131n\u0131 oku<\/a>\t<span id=\"woocommerce_loop_add_to_cart_link_describedby_1358\" class=\"screen-reader-text\">\n\t\t\t<\/span>\n<\/li>\n<li class=\"product type-product post-1357 status-publish last instock product_cat-gunes-urunleri has-post-thumbnail shipping-taxable product-type-simple\">\n\t<a href=\"https:\/\/www.alfatasarim.net.tr\/jeomed\/product\/tto-clinic-gunes-kremi-renkli\/\" class=\"woocommerce-LoopProduct-link woocommerce-loop-product__link\"><img loading=\"lazy\" decoding=\"async\" width=\"300\" height=\"300\" src=\"https:\/\/www.alfatasarim.net.tr\/jeomed\/wp-content\/uploads\/2025\/11\/tto-clinic-gunes-kremi-renkli-kopya-300x300.webp\" class=\"attachment-woocommerce_thumbnail size-woocommerce_thumbnail\" alt=\"TTO Clinic Renkli G\u00fcne\u015f Kremi\" srcset=\"https:\/\/www.alfatasarim.net.tr\/jeomed\/wp-content\/uploads\/2025\/11\/tto-clinic-gunes-kremi-renkli-kopya-300x300.webp 300w, https:\/\/www.alfatasarim.net.tr\/jeomed\/wp-content\/uploads\/2025\/11\/tto-clinic-gunes-kremi-renkli-kopya-150x150.webp 150w, https:\/\/www.alfatasarim.net.tr\/jeomed\/wp-content\/uploads\/2025\/11\/tto-clinic-gunes-kremi-renkli-kopya-768x768.webp 768w, https:\/\/www.alfatasarim.net.tr\/jeomed\/wp-content\/uploads\/2025\/11\/tto-clinic-gunes-kremi-renkli-kopya-500x500.webp 500w, https:\/\/www.alfatasarim.net.tr\/jeomed\/wp-content\/uploads\/2025\/11\/tto-clinic-gunes-kremi-renkli-kopya-600x600.webp 600w, https:\/\/www.alfatasarim.net.tr\/jeomed\/wp-content\/uploads\/2025\/11\/tto-clinic-gunes-kremi-renkli-kopya-100x100.webp 100w, https:\/\/www.alfatasarim.net.tr\/jeomed\/wp-content\/uploads\/2025\/11\/tto-clinic-gunes-kremi-renkli-kopya.webp 900w\" sizes=\"(max-width: 300px) 100vw, 300px\" \/><h2 class=\"woocommerce-loop-product__title\">TTO Clinic Renkli G\u00fcne\u015f Kremi<\/h2>\n<\/a><a href=\"https:\/\/www.alfatasarim.net.tr\/jeomed\/product\/tto-clinic-gunes-kremi-renkli\/\" aria-describedby=\"woocommerce_loop_add_to_cart_link_describedby_1357\" data-quantity=\"1\" class=\"button product_type_simple\" data-product_id=\"1357\" data-product_sku=\"\" aria-label=\"&ldquo;TTO Clinic Renkli G\u00fcne\u015f Kremi&rdquo; hakk\u0131nda daha fazla bilgi edinin\" rel=\"nofollow\" data-success_message=\"\">Devam\u0131n\u0131 oku<\/a>\t<span id=\"woocommerce_loop_add_to_cart_link_describedby_1357\" class=\"screen-reader-text\">\n\t\t\t<\/span>\n<\/li>\n<li class=\"product type-product post-1356 status-publish first instock product_cat-gunes-urunleri has-post-thumbnail shipping-taxable product-type-simple\">\n\t<a href=\"https:\/\/www.alfatasarim.net.tr\/jeomed\/product\/tto-clinic-gunes-kremi\/\" class=\"woocommerce-LoopProduct-link woocommerce-loop-product__link\"><img loading=\"lazy\" decoding=\"async\" width=\"300\" height=\"300\" src=\"https:\/\/www.alfatasarim.net.tr\/jeomed\/wp-content\/uploads\/2025\/11\/tto-clinic-gunes-kremi-kopya-300x300.webp\" class=\"attachment-woocommerce_thumbnail size-woocommerce_thumbnail\" alt=\"TTO Clinic G\u00fcne\u015f Koruyucu Krem\" srcset=\"https:\/\/www.alfatasarim.net.tr\/jeomed\/wp-content\/uploads\/2025\/11\/tto-clinic-gunes-kremi-kopya-300x300.webp 300w, https:\/\/www.alfatasarim.net.tr\/jeomed\/wp-content\/uploads\/2025\/11\/tto-clinic-gunes-kremi-kopya-150x150.webp 150w, https:\/\/www.alfatasarim.net.tr\/jeomed\/wp-content\/uploads\/2025\/11\/tto-clinic-gunes-kremi-kopya-768x768.webp 768w, https:\/\/www.alfatasarim.net.tr\/jeomed\/wp-content\/uploads\/2025\/11\/tto-clinic-gunes-kremi-kopya-500x500.webp 500w, https:\/\/www.alfatasarim.net.tr\/jeomed\/wp-content\/uploads\/2025\/11\/tto-clinic-gunes-kremi-kopya-600x600.webp 600w, https:\/\/www.alfatasarim.net.tr\/jeomed\/wp-content\/uploads\/2025\/11\/tto-clinic-gunes-kremi-kopya-100x100.webp 100w, https:\/\/www.alfatasarim.net.tr\/jeomed\/wp-content\/uploads\/2025\/11\/tto-clinic-gunes-kremi-kopya.webp 900w\" sizes=\"(max-width: 300px) 100vw, 300px\" \/><h2 class=\"woocommerce-loop-product__title\">TTO Clinic G\u00fcne\u015f Koruyucu Krem<\/h2>\n<\/a><a href=\"https:\/\/www.alfatasarim.net.tr\/jeomed\/product\/tto-clinic-gunes-kremi\/\" aria-describedby=\"woocommerce_loop_add_to_cart_link_describedby_1356\" data-quantity=\"1\" class=\"button product_type_simple\" data-product_id=\"1356\" data-product_sku=\"\" aria-label=\"&ldquo;TTO Clinic G\u00fcne\u015f Koruyucu Krem&rdquo; hakk\u0131nda daha fazla bilgi edinin\" rel=\"nofollow\" data-success_message=\"\">Devam\u0131n\u0131 oku<\/a>\t<span id=\"woocommerce_loop_add_to_cart_link_describedby_1356\" class=\"screen-reader-text\">\n\t\t\t<\/span>\n<\/li>\n<\/ul>\n<\/div>\t\t\t\t<\/div>\n\t\t\t\t<\/div>\n\t\t\t\t\t<\/div>\n\t\t<\/div>\n\t\t\t\t\t<\/div>\n\t\t<\/section>\n\t\t\t\t<\/div>\n\t\t","protected":false},"excerpt":{"rendered":"","protected":false},"author":1,"featured_media":0,"parent":672,"menu_order":0,"comment_status":"closed","ping_status":"closed","template":"","meta":{"_acf_changed":false,"inline_featured_image":false,"footnotes":""},"class_list":["post-1100","page","type-page","status-publish","hentry"],"acf":[],"yoast_head":"<!-- This site is optimized with the Yoast SEO plugin v26.3 - https:\/\/yoast.com\/wordpress\/plugins\/seo\/ -->\n<title>G\u00fcne\u015f \u00dcr\u00fcnleri - JEOMED \u0130LA\u00c7 ve SA\u011eLIK \u00dcR\u00dcNLER\u0130 A.\u015e.<\/title>\n<meta name=\"robots\" content=\"index, follow, max-snippet:-1, max-image-preview:large, max-video-preview:-1\" \/>\n<link rel=\"canonical\" href=\"https:\/\/www.alfatasarim.net.tr\/jeomed\/urunlerimiz\/gunes-urunleri\/\" \/>\n<meta property=\"og:locale\" content=\"tr_TR\" \/>\n<meta property=\"og:type\" content=\"article\" \/>\n<meta property=\"og:title\" content=\"G\u00fcne\u015f \u00dcr\u00fcnleri - JEOMED \u0130LA\u00c7 ve SA\u011eLIK \u00dcR\u00dcNLER\u0130 A.\u015e.\" \/>\n<meta property=\"og:url\" content=\"https:\/\/www.alfatasarim.net.tr\/jeomed\/urunlerimiz\/gunes-urunleri\/\" \/>\n<meta property=\"og:site_name\" content=\"JEOMED \u0130LA\u00c7 ve SA\u011eLIK \u00dcR\u00dcNLER\u0130 A.\u015e.\" \/>\n<meta property=\"article:modified_time\" content=\"2025-11-05T14:02:31+00:00\" \/>\n<meta name=\"twitter:card\" content=\"summary_large_image\" \/>\n<meta name=\"twitter:label1\" content=\"Tahmini okuma s\u00fcresi\" \/>\n\t<meta name=\"twitter:data1\" content=\"2 dakika\" \/>\n<script type=\"application\/ld+json\" class=\"yoast-schema-graph\">{\"@context\":\"https:\/\/schema.org\",\"@graph\":[{\"@type\":\"WebPage\",\"@id\":\"https:\/\/www.alfatasarim.net.tr\/jeomed\/urunlerimiz\/gunes-urunleri\/\",\"url\":\"https:\/\/www.alfatasarim.net.tr\/jeomed\/urunlerimiz\/gunes-urunleri\/\",\"name\":\"G\u00fcne\u015f \u00dcr\u00fcnleri - JEOMED \u0130LA\u00c7 ve SA\u011eLIK \u00dcR\u00dcNLER\u0130 A.\u015e.\",\"isPartOf\":{\"@id\":\"https:\/\/www.alfatasarim.net.tr\/jeomed\/#website\"},\"datePublished\":\"2025-11-05T13:57:25+00:00\",\"dateModified\":\"2025-11-05T14:02:31+00:00\",\"breadcrumb\":{\"@id\":\"https:\/\/www.alfatasarim.net.tr\/jeomed\/urunlerimiz\/gunes-urunleri\/#breadcrumb\"},\"inLanguage\":\"tr\",\"potentialAction\":[{\"@type\":\"ReadAction\",\"target\":[\"https:\/\/www.alfatasarim.net.tr\/jeomed\/urunlerimiz\/gunes-urunleri\/\"]}]},{\"@type\":\"BreadcrumbList\",\"@id\":\"https:\/\/www.alfatasarim.net.tr\/jeomed\/urunlerimiz\/gunes-urunleri\/#breadcrumb\",\"itemListElement\":[{\"@type\":\"ListItem\",\"position\":1,\"name\":\"Anasayfa\",\"item\":\"https:\/\/www.alfatasarim.net.tr\/jeomed\/\"},{\"@type\":\"ListItem\",\"position\":2,\"name\":\"\u00dcr\u00fcnlerimiz\",\"item\":\"https:\/\/www.alfatasarim.net.tr\/jeomed\/urunlerimiz\/\"},{\"@type\":\"ListItem\",\"position\":3,\"name\":\"G\u00fcne\u015f \u00dcr\u00fcnleri\"}]},{\"@type\":\"WebSite\",\"@id\":\"https:\/\/www.alfatasarim.net.tr\/jeomed\/#website\",\"url\":\"https:\/\/www.alfatasarim.net.tr\/jeomed\/\",\"name\":\"JEOMED \u0130LA\u00c7 ve SA\u011eLIK \u00dcR\u00dcNLER\u0130 A.\u015e.\",\"description\":\"Yenilik\u00e7i G\u00fc\u00e7, Global Ba\u015far\u0131\",\"publisher\":{\"@id\":\"https:\/\/www.alfatasarim.net.tr\/jeomed\/#organization\"},\"potentialAction\":[{\"@type\":\"SearchAction\",\"target\":{\"@type\":\"EntryPoint\",\"urlTemplate\":\"https:\/\/www.alfatasarim.net.tr\/jeomed\/?s={search_term_string}\"},\"query-input\":{\"@type\":\"PropertyValueSpecification\",\"valueRequired\":true,\"valueName\":\"search_term_string\"}}],\"inLanguage\":\"tr\"},{\"@type\":\"Organization\",\"@id\":\"https:\/\/www.alfatasarim.net.tr\/jeomed\/#organization\",\"name\":\"JEOMED \u0130LA\u00c7 ve SA\u011eLIK \u00dcR\u00dcNLER\u0130 A.\u015e.\",\"url\":\"https:\/\/www.alfatasarim.net.tr\/jeomed\/\",\"logo\":{\"@type\":\"ImageObject\",\"inLanguage\":\"tr\",\"@id\":\"https:\/\/www.alfatasarim.net.tr\/jeomed\/#\/schema\/logo\/image\/\",\"url\":\"https:\/\/www.alfatasarim.net.tr\/jeomed\/wp-content\/uploads\/2025\/10\/jeomed-logo-tto-1_1.jpg\",\"contentUrl\":\"https:\/\/www.alfatasarim.net.tr\/jeomed\/wp-content\/uploads\/2025\/10\/jeomed-logo-tto-1_1.jpg\",\"width\":628,\"height\":227,\"caption\":\"JEOMED \u0130LA\u00c7 ve SA\u011eLIK \u00dcR\u00dcNLER\u0130 A.\u015e.\"},\"image\":{\"@id\":\"https:\/\/www.alfatasarim.net.tr\/jeomed\/#\/schema\/logo\/image\/\"}}]}<\/script>\n<!-- \/ Yoast SEO plugin. -->","yoast_head_json":{"title":"G\u00fcne\u015f \u00dcr\u00fcnleri - JEOMED \u0130LA\u00c7 ve SA\u011eLIK \u00dcR\u00dcNLER\u0130 A.\u015e.","robots":{"index":"index","follow":"follow","max-snippet":"max-snippet:-1","max-image-preview":"max-image-preview:large","max-video-preview":"max-video-preview:-1"},"canonical":"https:\/\/www.alfatasarim.net.tr\/jeomed\/urunlerimiz\/gunes-urunleri\/","og_locale":"tr_TR","og_type":"article","og_title":"G\u00fcne\u015f \u00dcr\u00fcnleri - JEOMED \u0130LA\u00c7 ve SA\u011eLIK \u00dcR\u00dcNLER\u0130 A.\u015e.","og_url":"https:\/\/www.alfatasarim.net.tr\/jeomed\/urunlerimiz\/gunes-urunleri\/","og_site_name":"JEOMED \u0130LA\u00c7 ve SA\u011eLIK \u00dcR\u00dcNLER\u0130 A.\u015e.","article_modified_time":"2025-11-05T14:02:31+00:00","twitter_card":"summary_large_image","twitter_misc":{"Tahmini okuma s\u00fcresi":"2 dakika"},"schema":{"@context":"https:\/\/schema.org","@graph":[{"@type":"WebPage","@id":"https:\/\/www.alfatasarim.net.tr\/jeomed\/urunlerimiz\/gunes-urunleri\/","url":"https:\/\/www.alfatasarim.net.tr\/jeomed\/urunlerimiz\/gunes-urunleri\/","name":"G\u00fcne\u015f \u00dcr\u00fcnleri - JEOMED \u0130LA\u00c7 ve SA\u011eLIK \u00dcR\u00dcNLER\u0130 A.\u015e.","isPartOf":{"@id":"https:\/\/www.alfatasarim.net.tr\/jeomed\/#website"},"datePublished":"2025-11-05T13:57:25+00:00","dateModified":"2025-11-05T14:02:31+00:00","breadcrumb":{"@id":"https:\/\/www.alfatasarim.net.tr\/jeomed\/urunlerimiz\/gunes-urunleri\/#breadcrumb"},"inLanguage":"tr","potentialAction":[{"@type":"ReadAction","target":["https:\/\/www.alfatasarim.net.tr\/jeomed\/urunlerimiz\/gunes-urunleri\/"]}]},{"@type":"BreadcrumbList","@id":"https:\/\/www.alfatasarim.net.tr\/jeomed\/urunlerimiz\/gunes-urunleri\/#breadcrumb","itemListElement":[{"@type":"ListItem","position":1,"name":"Anasayfa","item":"https:\/\/www.alfatasarim.net.tr\/jeomed\/"},{"@type":"ListItem","position":2,"name":"\u00dcr\u00fcnlerimiz","item":"https:\/\/www.alfatasarim.net.tr\/jeomed\/urunlerimiz\/"},{"@type":"ListItem","position":3,"name":"G\u00fcne\u015f \u00dcr\u00fcnleri"}]},{"@type":"WebSite","@id":"https:\/\/www.alfatasarim.net.tr\/jeomed\/#website","url":"https:\/\/www.alfatasarim.net.tr\/jeomed\/","name":"JEOMED \u0130LA\u00c7 ve SA\u011eLIK \u00dcR\u00dcNLER\u0130 A.\u015e.","description":"Yenilik\u00e7i G\u00fc\u00e7, Global Ba\u015far\u0131","publisher":{"@id":"https:\/\/www.alfatasarim.net.tr\/jeomed\/#organization"},"potentialAction":[{"@type":"SearchAction","target":{"@type":"EntryPoint","urlTemplate":"https:\/\/www.alfatasarim.net.tr\/jeomed\/?s={search_term_string}"},"query-input":{"@type":"PropertyValueSpecification","valueRequired":true,"valueName":"search_term_string"}}],"inLanguage":"tr"},{"@type":"Organization","@id":"https:\/\/www.alfatasarim.net.tr\/jeomed\/#organization","name":"JEOMED \u0130LA\u00c7 ve SA\u011eLIK \u00dcR\u00dcNLER\u0130 A.\u015e.","url":"https:\/\/www.alfatasarim.net.tr\/jeomed\/","logo":{"@type":"ImageObject","inLanguage":"tr","@id":"https:\/\/www.alfatasarim.net.tr\/jeomed\/#\/schema\/logo\/image\/","url":"https:\/\/www.alfatasarim.net.tr\/jeomed\/wp-content\/uploads\/2025\/10\/jeomed-logo-tto-1_1.jpg","contentUrl":"https:\/\/www.alfatasarim.net.tr\/jeomed\/wp-content\/uploads\/2025\/10\/jeomed-logo-tto-1_1.jpg","width":628,"height":227,"caption":"JEOMED \u0130LA\u00c7 ve SA\u011eLIK \u00dcR\u00dcNLER\u0130 A.\u015e."},"image":{"@id":"https:\/\/www.alfatasarim.net.tr\/jeomed\/#\/schema\/logo\/image\/"}}]}},"_links":{"self":[{"href":"https:\/\/www.alfatasarim.net.tr\/jeomed\/wp-json\/wp\/v2\/pages\/1100","targetHints":{"allow":["GET"]}}],"collection":[{"href":"https:\/\/www.alfatasarim.net.tr\/jeomed\/wp-json\/wp\/v2\/pages"}],"about":[{"href":"https:\/\/www.alfatasarim.net.tr\/jeomed\/wp-json\/wp\/v2\/types\/page"}],"author":[{"embeddable":true,"href":"https:\/\/www.alfatasarim.net.tr\/jeomed\/wp-json\/wp\/v2\/users\/1"}],"replies":[{"embeddable":true,"href":"https:\/\/www.alfatasarim.net.tr\/jeomed\/wp-json\/wp\/v2\/comments?post=1100"}],"version-history":[{"count":4,"href":"https:\/\/www.alfatasarim.net.tr\/jeomed\/wp-json\/wp\/v2\/pages\/1100\/revisions"}],"predecessor-version":[{"id":1126,"href":"https:\/\/www.alfatasarim.net.tr\/jeomed\/wp-json\/wp\/v2\/pages\/1100\/revisions\/1126"}],"up":[{"embeddable":true,"href":"https:\/\/www.alfatasarim.net.tr\/jeomed\/wp-json\/wp\/v2\/pages\/672"}],"wp:attachment":[{"href":"https:\/\/www.alfatasarim.net.tr\/jeomed\/wp-json\/wp\/v2\/media?parent=1100"}],"curies":[{"name":"wp","href":"https:\/\/api.w.org\/{rel}","templated":true}]}}