{"id":672,"date":"2025-11-04T09:29:38","date_gmt":"2025-11-04T09:29:38","guid":{"rendered":"https:\/\/www.alfatasarim.net.tr\/jeomed\/?page_id=672"},"modified":"2025-11-05T12:52:10","modified_gmt":"2025-11-05T12:52:10","slug":"urunlerimiz","status":"publish","type":"page","link":"https:\/\/www.alfatasarim.net.tr\/jeomed\/urunlerimiz\/","title":{"rendered":"\u00dcr\u00fcnlerimiz"},"content":{"rendered":"\t\t<div data-elementor-type=\"wp-page\" data-elementor-id=\"672\" class=\"elementor elementor-672\" data-elementor-post-type=\"page\">\n\t\t\t\t\t\t<section class=\"elementor-section elementor-top-section elementor-element elementor-element-0504102 pbmit-col-stretched-none pbmit-bg-color-over-image elementor-section-boxed elementor-section-height-default elementor-section-height-default\" data-id=\"0504102\" data-element_type=\"section\">\n\t\t\t\t\t\t<div class=\"elementor-container elementor-column-gap-default\">\n\t\t\t\t\t<div class=\"elementor-column elementor-col-100 elementor-top-column elementor-element elementor-element-e606407 pbmit-bg-color-over-image\" data-id=\"e606407\" data-element_type=\"column\">\n\t\t\t<div class=\"elementor-widget-wrap elementor-element-populated\">\n\t\t\t\t\t\t<div class=\"elementor-element elementor-element-4c85119 elementor-grid-4 elementor-grid-tablet-3 elementor-grid-mobile-2 elementor-products-grid elementor-wc-products elementor-widget elementor-widget-wc-categories\" data-id=\"4c85119\" data-element_type=\"widget\" data-settings=\"{&quot;_animation&quot;:&quot;none&quot;}\" data-widget_type=\"wc-categories.default\">\n\t\t\t\t<div class=\"elementor-widget-container\">\n\t\t\t\t\t<div class=\"woocommerce columns-4\"><ul class=\"products elementor-grid columns-4\">\n<li class=\"product-category product first\">\n\t<a aria-label=\"BEBEK BAKIM \u00dcR\u00dcNLER\u0130 \u00fcr\u00fcn kategorisini ziyaret et\" href=\"https:\/\/www.alfatasarim.net.tr\/jeomed\/product-category\/bebek-bakim-urunleri\/\"><img fetchpriority=\"high\" decoding=\"async\" src=\"https:\/\/www.alfatasarim.net.tr\/jeomed\/wp-content\/uploads\/2025\/11\/Bebek-Bakim-Urunleri-1.png\" alt=\"BEBEK BAKIM \u00dcR\u00dcNLER\u0130\" width=\"300\" height=\"300\" srcset=\"https:\/\/www.alfatasarim.net.tr\/jeomed\/wp-content\/uploads\/2025\/11\/Bebek-Bakim-Urunleri-1.png 2160w, https:\/\/www.alfatasarim.net.tr\/jeomed\/wp-content\/uploads\/2025\/11\/Bebek-Bakim-Urunleri-1-900x900.png 900w, https:\/\/www.alfatasarim.net.tr\/jeomed\/wp-content\/uploads\/2025\/11\/Bebek-Bakim-Urunleri-1-1024x1024.png 1024w, https:\/\/www.alfatasarim.net.tr\/jeomed\/wp-content\/uploads\/2025\/11\/Bebek-Bakim-Urunleri-1-150x150.png 150w, https:\/\/www.alfatasarim.net.tr\/jeomed\/wp-content\/uploads\/2025\/11\/Bebek-Bakim-Urunleri-1-768x768.png 768w\" sizes=\"(max-width: 300px) 100vw, 300px\" \/>\t\t<h2 class=\"woocommerce-loop-category__title\">\n\t\t\tBEBEK BAKIM \u00dcR\u00dcNLER\u0130 <mark class=\"count\">(7)<\/mark>\t\t<\/h2>\n\t\t<\/a><\/li>\n<li class=\"product-category product\">\n\t<a aria-label=\"DO\u011eAL YA\u011eLAR \u00fcr\u00fcn kategorisini ziyaret et\" href=\"https:\/\/www.alfatasarim.net.tr\/jeomed\/product-category\/dogal-yaglar\/\"><img decoding=\"async\" src=\"https:\/\/www.alfatasarim.net.tr\/jeomed\/wp-content\/uploads\/2025\/11\/Dogal-Yaglar-300x300.png\" alt=\"DO\u011eAL YA\u011eLAR\" width=\"300\" height=\"300\" srcset=\"https:\/\/www.alfatasarim.net.tr\/jeomed\/wp-content\/uploads\/2025\/11\/Dogal-Yaglar-300x300.png 300w, https:\/\/www.alfatasarim.net.tr\/jeomed\/wp-content\/uploads\/2025\/11\/Dogal-Yaglar-900x900.png 900w, https:\/\/www.alfatasarim.net.tr\/jeomed\/wp-content\/uploads\/2025\/11\/Dogal-Yaglar-1024x1024.png 1024w, https:\/\/www.alfatasarim.net.tr\/jeomed\/wp-content\/uploads\/2025\/11\/Dogal-Yaglar-150x150.png 150w, https:\/\/www.alfatasarim.net.tr\/jeomed\/wp-content\/uploads\/2025\/11\/Dogal-Yaglar-768x768.png 768w, https:\/\/www.alfatasarim.net.tr\/jeomed\/wp-content\/uploads\/2025\/11\/Dogal-Yaglar-1536x1536.png 1536w, https:\/\/www.alfatasarim.net.tr\/jeomed\/wp-content\/uploads\/2025\/11\/Dogal-Yaglar-2048x2048.png 2048w, https:\/\/www.alfatasarim.net.tr\/jeomed\/wp-content\/uploads\/2025\/11\/Dogal-Yaglar-500x500.png 500w, https:\/\/www.alfatasarim.net.tr\/jeomed\/wp-content\/uploads\/2025\/11\/Dogal-Yaglar-600x600.png 600w, https:\/\/www.alfatasarim.net.tr\/jeomed\/wp-content\/uploads\/2025\/11\/Dogal-Yaglar-100x100.png 100w\" sizes=\"(max-width: 300px) 100vw, 300px\" \/>\t\t<h2 class=\"woocommerce-loop-category__title\">\n\t\t\tDO\u011eAL YA\u011eLAR <mark class=\"count\">(19)<\/mark>\t\t<\/h2>\n\t\t<\/a><\/li>\n<li class=\"product-category product\">\n\t<a aria-label=\"G\u00d6Z BAKIM \u00dcR\u00dcNLER\u0130 \u00fcr\u00fcn kategorisini ziyaret et\" href=\"https:\/\/www.alfatasarim.net.tr\/jeomed\/product-category\/goz-bakim-urunleri\/\"><img decoding=\"async\" src=\"https:\/\/www.alfatasarim.net.tr\/jeomed\/wp-content\/uploads\/2025\/11\/Goz-Bakim-Urunleri-300x300.png\" alt=\"G\u00d6Z BAKIM \u00dcR\u00dcNLER\u0130\" width=\"300\" height=\"300\" srcset=\"https:\/\/www.alfatasarim.net.tr\/jeomed\/wp-content\/uploads\/2025\/11\/Goz-Bakim-Urunleri-300x300.png 300w, https:\/\/www.alfatasarim.net.tr\/jeomed\/wp-content\/uploads\/2025\/11\/Goz-Bakim-Urunleri-900x900.png 900w, https:\/\/www.alfatasarim.net.tr\/jeomed\/wp-content\/uploads\/2025\/11\/Goz-Bakim-Urunleri-1024x1024.png 1024w, https:\/\/www.alfatasarim.net.tr\/jeomed\/wp-content\/uploads\/2025\/11\/Goz-Bakim-Urunleri-150x150.png 150w, https:\/\/www.alfatasarim.net.tr\/jeomed\/wp-content\/uploads\/2025\/11\/Goz-Bakim-Urunleri-768x768.png 768w, https:\/\/www.alfatasarim.net.tr\/jeomed\/wp-content\/uploads\/2025\/11\/Goz-Bakim-Urunleri-1536x1536.png 1536w, https:\/\/www.alfatasarim.net.tr\/jeomed\/wp-content\/uploads\/2025\/11\/Goz-Bakim-Urunleri-2048x2048.png 2048w, https:\/\/www.alfatasarim.net.tr\/jeomed\/wp-content\/uploads\/2025\/11\/Goz-Bakim-Urunleri-500x500.png 500w, https:\/\/www.alfatasarim.net.tr\/jeomed\/wp-content\/uploads\/2025\/11\/Goz-Bakim-Urunleri-600x600.png 600w, https:\/\/www.alfatasarim.net.tr\/jeomed\/wp-content\/uploads\/2025\/11\/Goz-Bakim-Urunleri-100x100.png 100w\" sizes=\"(max-width: 300px) 100vw, 300px\" \/>\t\t<h2 class=\"woocommerce-loop-category__title\">\n\t\t\tG\u00d6Z BAKIM \u00dcR\u00dcNLER\u0130 <mark class=\"count\">(15)<\/mark>\t\t<\/h2>\n\t\t<\/a><\/li>\n<li class=\"product-category product last\">\n\t<a aria-label=\"G\u00dcNE\u015e \u00dcR\u00dcNLER\u0130 \u00fcr\u00fcn kategorisini ziyaret et\" href=\"https:\/\/www.alfatasarim.net.tr\/jeomed\/product-category\/gunes-urunleri\/\"><img loading=\"lazy\" decoding=\"async\" src=\"https:\/\/www.alfatasarim.net.tr\/jeomed\/wp-content\/uploads\/2025\/11\/Gunes-Urunleri.png\" alt=\"G\u00dcNE\u015e \u00dcR\u00dcNLER\u0130\" width=\"300\" height=\"300\" \/>\t\t<h2 class=\"woocommerce-loop-category__title\">\n\t\t\tG\u00dcNE\u015e \u00dcR\u00dcNLER\u0130 <mark class=\"count\">(5)<\/mark>\t\t<\/h2>\n\t\t<\/a><\/li>\n<li class=\"product-category product first\">\n\t<a aria-label=\"K\u0130\u015e\u0130SEL BAKIM \u00dcR\u00dcNLER\u0130 \u00fcr\u00fcn kategorisini ziyaret et\" href=\"https:\/\/www.alfatasarim.net.tr\/jeomed\/product-category\/kisisel-bakim-urunleri\/\"><img loading=\"lazy\" decoding=\"async\" src=\"https:\/\/www.alfatasarim.net.tr\/jeomed\/wp-content\/uploads\/2025\/11\/Kisisel-Bakim-Urunleri.png\" alt=\"K\u0130\u015e\u0130SEL BAKIM \u00dcR\u00dcNLER\u0130\" width=\"300\" height=\"300\" srcset=\"https:\/\/www.alfatasarim.net.tr\/jeomed\/wp-content\/uploads\/2025\/11\/Kisisel-Bakim-Urunleri.png 2160w, https:\/\/www.alfatasarim.net.tr\/jeomed\/wp-content\/uploads\/2025\/11\/Kisisel-Bakim-Urunleri-900x900.png 900w, https:\/\/www.alfatasarim.net.tr\/jeomed\/wp-content\/uploads\/2025\/11\/Kisisel-Bakim-Urunleri-1024x1024.png 1024w, https:\/\/www.alfatasarim.net.tr\/jeomed\/wp-content\/uploads\/2025\/11\/Kisisel-Bakim-Urunleri-150x150.png 150w, https:\/\/www.alfatasarim.net.tr\/jeomed\/wp-content\/uploads\/2025\/11\/Kisisel-Bakim-Urunleri-768x768.png 768w\" sizes=\"(max-width: 300px) 100vw, 300px\" \/>\t\t<h2 class=\"woocommerce-loop-category__title\">\n\t\t\tK\u0130\u015e\u0130SEL BAKIM \u00dcR\u00dcNLER\u0130 <mark class=\"count\">(28)<\/mark>\t\t<\/h2>\n\t\t<\/a><\/li>\n<li class=\"product-category product\">\n\t<a aria-label=\"SA\u00c7 BAKIM \u00dcR\u00dcNLER\u0130 \u00fcr\u00fcn kategorisini ziyaret et\" href=\"https:\/\/www.alfatasarim.net.tr\/jeomed\/product-category\/sac-bakim-urunleri\/\"><img loading=\"lazy\" decoding=\"async\" src=\"https:\/\/www.alfatasarim.net.tr\/jeomed\/wp-content\/uploads\/2025\/11\/Sac-Bakim-Urunleri-300x300.png\" alt=\"SA\u00c7 BAKIM \u00dcR\u00dcNLER\u0130\" width=\"300\" height=\"300\" srcset=\"https:\/\/www.alfatasarim.net.tr\/jeomed\/wp-content\/uploads\/2025\/11\/Sac-Bakim-Urunleri-300x300.png 300w, https:\/\/www.alfatasarim.net.tr\/jeomed\/wp-content\/uploads\/2025\/11\/Sac-Bakim-Urunleri-900x900.png 900w, https:\/\/www.alfatasarim.net.tr\/jeomed\/wp-content\/uploads\/2025\/11\/Sac-Bakim-Urunleri-1024x1024.png 1024w, https:\/\/www.alfatasarim.net.tr\/jeomed\/wp-content\/uploads\/2025\/11\/Sac-Bakim-Urunleri-150x150.png 150w, https:\/\/www.alfatasarim.net.tr\/jeomed\/wp-content\/uploads\/2025\/11\/Sac-Bakim-Urunleri-768x768.png 768w, https:\/\/www.alfatasarim.net.tr\/jeomed\/wp-content\/uploads\/2025\/11\/Sac-Bakim-Urunleri-1536x1536.png 1536w, https:\/\/www.alfatasarim.net.tr\/jeomed\/wp-content\/uploads\/2025\/11\/Sac-Bakim-Urunleri-2048x2048.png 2048w, https:\/\/www.alfatasarim.net.tr\/jeomed\/wp-content\/uploads\/2025\/11\/Sac-Bakim-Urunleri-500x500.png 500w, https:\/\/www.alfatasarim.net.tr\/jeomed\/wp-content\/uploads\/2025\/11\/Sac-Bakim-Urunleri-600x600.png 600w, https:\/\/www.alfatasarim.net.tr\/jeomed\/wp-content\/uploads\/2025\/11\/Sac-Bakim-Urunleri-100x100.png 100w\" sizes=\"(max-width: 300px) 100vw, 300px\" \/>\t\t<h2 class=\"woocommerce-loop-category__title\">\n\t\t\tSA\u00c7 BAKIM \u00dcR\u00dcNLER\u0130 <mark class=\"count\">(21)<\/mark>\t\t<\/h2>\n\t\t<\/a><\/li>\n<li class=\"product-category product\">\n\t<a aria-label=\"V\u00dcCUT BAKIM \u00dcR\u00dcNLER\u0130 \u00fcr\u00fcn kategorisini ziyaret et\" href=\"https:\/\/www.alfatasarim.net.tr\/jeomed\/product-category\/vucut-bakim-urunleri\/\"><img loading=\"lazy\" decoding=\"async\" src=\"https:\/\/www.alfatasarim.net.tr\/jeomed\/wp-content\/uploads\/2025\/11\/cddv.webp\" alt=\"V\u00dcCUT BAKIM \u00dcR\u00dcNLER\u0130\" width=\"300\" height=\"300\" srcset=\"https:\/\/www.alfatasarim.net.tr\/jeomed\/wp-content\/uploads\/2025\/11\/cddv.webp 300w, https:\/\/www.alfatasarim.net.tr\/jeomed\/wp-content\/uploads\/2025\/11\/cddv-150x150.webp 150w, https:\/\/www.alfatasarim.net.tr\/jeomed\/wp-content\/uploads\/2025\/11\/cddv-100x100.webp 100w\" sizes=\"(max-width: 300px) 100vw, 300px\" \/>\t\t<h2 class=\"woocommerce-loop-category__title\">\n\t\t\tV\u00dcCUT BAKIM \u00dcR\u00dcNLER\u0130 <mark class=\"count\">(24)<\/mark>\t\t<\/h2>\n\t\t<\/a><\/li>\n<li class=\"product-category product last\">\n\t<a aria-label=\"Y\u00dcZ BAKIM \u00dcR\u00dcNLER\u0130 \u00fcr\u00fcn kategorisini ziyaret et\" href=\"https:\/\/www.alfatasarim.net.tr\/jeomed\/product-category\/yuz-bakim-urunleri\/\"><img loading=\"lazy\" decoding=\"async\" src=\"https:\/\/www.alfatasarim.net.tr\/jeomed\/wp-content\/uploads\/2025\/11\/b1.webp\" alt=\"Y\u00dcZ BAKIM \u00dcR\u00dcNLER\u0130\" width=\"300\" height=\"300\" srcset=\"https:\/\/www.alfatasarim.net.tr\/jeomed\/wp-content\/uploads\/2025\/11\/b1.webp 300w, https:\/\/www.alfatasarim.net.tr\/jeomed\/wp-content\/uploads\/2025\/11\/b1-150x150.webp 150w, https:\/\/www.alfatasarim.net.tr\/jeomed\/wp-content\/uploads\/2025\/11\/b1-100x100.webp 100w\" sizes=\"(max-width: 300px) 100vw, 300px\" \/>\t\t<h2 class=\"woocommerce-loop-category__title\">\n\t\t\tY\u00dcZ BAKIM \u00dcR\u00dcNLER\u0130 <mark class=\"count\">(40)<\/mark>\t\t<\/h2>\n\t\t<\/a><\/li>\n<\/ul>\n<\/div>\t\t\t\t<\/div>\n\t\t\t\t<\/div>\n\t\t\t\t\t<\/div>\n\t\t<\/div>\n\t\t\t\t\t<\/div>\n\t\t<\/section>\n\t\t\t\t<\/div>\n\t\t","protected":false},"excerpt":{"rendered":"","protected":false},"author":1,"featured_media":0,"parent":0,"menu_order":0,"comment_status":"closed","ping_status":"closed","template":"","meta":{"_acf_changed":false,"inline_featured_image":false,"footnotes":""},"class_list":["post-672","page","type-page","status-publish","hentry"],"acf":[],"yoast_head":"<!-- This site is optimized with the Yoast SEO plugin v26.3 - https:\/\/yoast.com\/wordpress\/plugins\/seo\/ -->\n<title>\u00dcr\u00fcnlerimiz - JEOMED \u0130LA\u00c7 ve SA\u011eLIK \u00dcR\u00dcNLER\u0130 A.\u015e.<\/title>\n<meta name=\"robots\" content=\"index, follow, max-snippet:-1, max-image-preview:large, max-video-preview:-1\" \/>\n<link rel=\"canonical\" href=\"https:\/\/www.alfatasarim.net.tr\/jeomed\/urunlerimiz\/\" \/>\n<meta property=\"og:locale\" content=\"tr_TR\" \/>\n<meta property=\"og:type\" content=\"article\" \/>\n<meta property=\"og:title\" content=\"\u00dcr\u00fcnlerimiz - JEOMED \u0130LA\u00c7 ve SA\u011eLIK \u00dcR\u00dcNLER\u0130 A.\u015e.\" \/>\n<meta property=\"og:url\" content=\"https:\/\/www.alfatasarim.net.tr\/jeomed\/urunlerimiz\/\" \/>\n<meta property=\"og:site_name\" content=\"JEOMED \u0130LA\u00c7 ve SA\u011eLIK \u00dcR\u00dcNLER\u0130 A.\u015e.\" \/>\n<meta property=\"article:modified_time\" content=\"2025-11-05T12:52:10+00:00\" \/>\n<meta name=\"twitter:card\" content=\"summary_large_image\" \/>\n<meta name=\"twitter:label1\" content=\"Tahmini okuma s\u00fcresi\" \/>\n\t<meta name=\"twitter:data1\" content=\"2 dakika\" \/>\n<script type=\"application\/ld+json\" class=\"yoast-schema-graph\">{\"@context\":\"https:\/\/schema.org\",\"@graph\":[{\"@type\":\"WebPage\",\"@id\":\"https:\/\/www.alfatasarim.net.tr\/jeomed\/urunlerimiz\/\",\"url\":\"https:\/\/www.alfatasarim.net.tr\/jeomed\/urunlerimiz\/\",\"name\":\"\u00dcr\u00fcnlerimiz - JEOMED \u0130LA\u00c7 ve SA\u011eLIK \u00dcR\u00dcNLER\u0130 A.\u015e.\",\"isPartOf\":{\"@id\":\"https:\/\/www.alfatasarim.net.tr\/jeomed\/#website\"},\"datePublished\":\"2025-11-04T09:29:38+00:00\",\"dateModified\":\"2025-11-05T12:52:10+00:00\",\"breadcrumb\":{\"@id\":\"https:\/\/www.alfatasarim.net.tr\/jeomed\/urunlerimiz\/#breadcrumb\"},\"inLanguage\":\"tr\",\"potentialAction\":[{\"@type\":\"ReadAction\",\"target\":[\"https:\/\/www.alfatasarim.net.tr\/jeomed\/urunlerimiz\/\"]}]},{\"@type\":\"BreadcrumbList\",\"@id\":\"https:\/\/www.alfatasarim.net.tr\/jeomed\/urunlerimiz\/#breadcrumb\",\"itemListElement\":[{\"@type\":\"ListItem\",\"position\":1,\"name\":\"Anasayfa\",\"item\":\"https:\/\/www.alfatasarim.net.tr\/jeomed\/\"},{\"@type\":\"ListItem\",\"position\":2,\"name\":\"\u00dcr\u00fcnlerimiz\"}]},{\"@type\":\"WebSite\",\"@id\":\"https:\/\/www.alfatasarim.net.tr\/jeomed\/#website\",\"url\":\"https:\/\/www.alfatasarim.net.tr\/jeomed\/\",\"name\":\"JEOMED \u0130LA\u00c7 ve SA\u011eLIK \u00dcR\u00dcNLER\u0130 A.\u015e.\",\"description\":\"Yenilik\u00e7i G\u00fc\u00e7, Global Ba\u015far\u0131\",\"publisher\":{\"@id\":\"https:\/\/www.alfatasarim.net.tr\/jeomed\/#organization\"},\"potentialAction\":[{\"@type\":\"SearchAction\",\"target\":{\"@type\":\"EntryPoint\",\"urlTemplate\":\"https:\/\/www.alfatasarim.net.tr\/jeomed\/?s={search_term_string}\"},\"query-input\":{\"@type\":\"PropertyValueSpecification\",\"valueRequired\":true,\"valueName\":\"search_term_string\"}}],\"inLanguage\":\"tr\"},{\"@type\":\"Organization\",\"@id\":\"https:\/\/www.alfatasarim.net.tr\/jeomed\/#organization\",\"name\":\"JEOMED \u0130LA\u00c7 ve SA\u011eLIK \u00dcR\u00dcNLER\u0130 A.\u015e.\",\"url\":\"https:\/\/www.alfatasarim.net.tr\/jeomed\/\",\"logo\":{\"@type\":\"ImageObject\",\"inLanguage\":\"tr\",\"@id\":\"https:\/\/www.alfatasarim.net.tr\/jeomed\/#\/schema\/logo\/image\/\",\"url\":\"https:\/\/www.alfatasarim.net.tr\/jeomed\/wp-content\/uploads\/2025\/10\/jeomed-logo-tto-1_1.jpg\",\"contentUrl\":\"https:\/\/www.alfatasarim.net.tr\/jeomed\/wp-content\/uploads\/2025\/10\/jeomed-logo-tto-1_1.jpg\",\"width\":628,\"height\":227,\"caption\":\"JEOMED \u0130LA\u00c7 ve SA\u011eLIK \u00dcR\u00dcNLER\u0130 A.\u015e.\"},\"image\":{\"@id\":\"https:\/\/www.alfatasarim.net.tr\/jeomed\/#\/schema\/logo\/image\/\"}}]}<\/script>\n<!-- \/ Yoast SEO plugin. -->","yoast_head_json":{"title":"\u00dcr\u00fcnlerimiz - JEOMED \u0130LA\u00c7 ve SA\u011eLIK \u00dcR\u00dcNLER\u0130 A.\u015e.","robots":{"index":"index","follow":"follow","max-snippet":"max-snippet:-1","max-image-preview":"max-image-preview:large","max-video-preview":"max-video-preview:-1"},"canonical":"https:\/\/www.alfatasarim.net.tr\/jeomed\/urunlerimiz\/","og_locale":"tr_TR","og_type":"article","og_title":"\u00dcr\u00fcnlerimiz - JEOMED \u0130LA\u00c7 ve SA\u011eLIK \u00dcR\u00dcNLER\u0130 A.\u015e.","og_url":"https:\/\/www.alfatasarim.net.tr\/jeomed\/urunlerimiz\/","og_site_name":"JEOMED \u0130LA\u00c7 ve SA\u011eLIK \u00dcR\u00dcNLER\u0130 A.\u015e.","article_modified_time":"2025-11-05T12:52:10+00:00","twitter_card":"summary_large_image","twitter_misc":{"Tahmini okuma s\u00fcresi":"2 dakika"},"schema":{"@context":"https:\/\/schema.org","@graph":[{"@type":"WebPage","@id":"https:\/\/www.alfatasarim.net.tr\/jeomed\/urunlerimiz\/","url":"https:\/\/www.alfatasarim.net.tr\/jeomed\/urunlerimiz\/","name":"\u00dcr\u00fcnlerimiz - JEOMED \u0130LA\u00c7 ve SA\u011eLIK \u00dcR\u00dcNLER\u0130 A.\u015e.","isPartOf":{"@id":"https:\/\/www.alfatasarim.net.tr\/jeomed\/#website"},"datePublished":"2025-11-04T09:29:38+00:00","dateModified":"2025-11-05T12:52:10+00:00","breadcrumb":{"@id":"https:\/\/www.alfatasarim.net.tr\/jeomed\/urunlerimiz\/#breadcrumb"},"inLanguage":"tr","potentialAction":[{"@type":"ReadAction","target":["https:\/\/www.alfatasarim.net.tr\/jeomed\/urunlerimiz\/"]}]},{"@type":"BreadcrumbList","@id":"https:\/\/www.alfatasarim.net.tr\/jeomed\/urunlerimiz\/#breadcrumb","itemListElement":[{"@type":"ListItem","position":1,"name":"Anasayfa","item":"https:\/\/www.alfatasarim.net.tr\/jeomed\/"},{"@type":"ListItem","position":2,"name":"\u00dcr\u00fcnlerimiz"}]},{"@type":"WebSite","@id":"https:\/\/www.alfatasarim.net.tr\/jeomed\/#website","url":"https:\/\/www.alfatasarim.net.tr\/jeomed\/","name":"JEOMED \u0130LA\u00c7 ve SA\u011eLIK \u00dcR\u00dcNLER\u0130 A.\u015e.","description":"Yenilik\u00e7i G\u00fc\u00e7, Global Ba\u015far\u0131","publisher":{"@id":"https:\/\/www.alfatasarim.net.tr\/jeomed\/#organization"},"potentialAction":[{"@type":"SearchAction","target":{"@type":"EntryPoint","urlTemplate":"https:\/\/www.alfatasarim.net.tr\/jeomed\/?s={search_term_string}"},"query-input":{"@type":"PropertyValueSpecification","valueRequired":true,"valueName":"search_term_string"}}],"inLanguage":"tr"},{"@type":"Organization","@id":"https:\/\/www.alfatasarim.net.tr\/jeomed\/#organization","name":"JEOMED \u0130LA\u00c7 ve SA\u011eLIK \u00dcR\u00dcNLER\u0130 A.\u015e.","url":"https:\/\/www.alfatasarim.net.tr\/jeomed\/","logo":{"@type":"ImageObject","inLanguage":"tr","@id":"https:\/\/www.alfatasarim.net.tr\/jeomed\/#\/schema\/logo\/image\/","url":"https:\/\/www.alfatasarim.net.tr\/jeomed\/wp-content\/uploads\/2025\/10\/jeomed-logo-tto-1_1.jpg","contentUrl":"https:\/\/www.alfatasarim.net.tr\/jeomed\/wp-content\/uploads\/2025\/10\/jeomed-logo-tto-1_1.jpg","width":628,"height":227,"caption":"JEOMED \u0130LA\u00c7 ve SA\u011eLIK \u00dcR\u00dcNLER\u0130 A.\u015e."},"image":{"@id":"https:\/\/www.alfatasarim.net.tr\/jeomed\/#\/schema\/logo\/image\/"}}]}},"_links":{"self":[{"href":"https:\/\/www.alfatasarim.net.tr\/jeomed\/wp-json\/wp\/v2\/pages\/672","targetHints":{"allow":["GET"]}}],"collection":[{"href":"https:\/\/www.alfatasarim.net.tr\/jeomed\/wp-json\/wp\/v2\/pages"}],"about":[{"href":"https:\/\/www.alfatasarim.net.tr\/jeomed\/wp-json\/wp\/v2\/types\/page"}],"author":[{"embeddable":true,"href":"https:\/\/www.alfatasarim.net.tr\/jeomed\/wp-json\/wp\/v2\/users\/1"}],"replies":[{"embeddable":true,"href":"https:\/\/www.alfatasarim.net.tr\/jeomed\/wp-json\/wp\/v2\/comments?post=672"}],"version-history":[{"count":29,"href":"https:\/\/www.alfatasarim.net.tr\/jeomed\/wp-json\/wp\/v2\/pages\/672\/revisions"}],"predecessor-version":[{"id":1475,"href":"https:\/\/www.alfatasarim.net.tr\/jeomed\/wp-json\/wp\/v2\/pages\/672\/revisions\/1475"}],"wp:attachment":[{"href":"https:\/\/www.alfatasarim.net.tr\/jeomed\/wp-json\/wp\/v2\/media?parent=672"}],"curies":[{"name":"wp","href":"https:\/\/api.w.org\/{rel}","templated":true}]}}